{"id":814,"date":"2016-04-29T13:53:51","date_gmt":"2016-04-29T16:53:51","guid":{"rendered":"http:\/\/www.p22on.com.br\/wp-content\/uploads\/2016\/04\/Foto-Wikipedia.jpg"},"modified":"2016-04-29T13:53:55","modified_gmt":"2016-04-29T16:53:55","slug":"foto-wikipedia","status":"inherit","type":"attachment","link":"https:\/\/www.p22on.com.br\/2016\/04\/29\/pressao-social-e-fundamental-para-que-a-adaptacao-entre-na-agenda-politica\/foto-wikipedia\/","title":{"rendered":"Foto Wikipedia"},"author":2,"comment_status":"open","ping_status":"open","template":"","meta":[],"yoast_head":"<!-- This site is optimized with the Yoast SEO plugin v21.5 - https:\/\/yoast.com\/wordpress\/plugins\/seo\/ -->\n<title>Foto Wikipedia - P22_ON<\/title>\n<meta name=\"robots\" content=\"index, follow, max-snippet:-1, max-image-preview:large, max-video-preview:-1\" \/>\n<link rel=\"canonical\" href=\"https:\/\/www.p22on.com.br\/2016\/04\/29\/pressao-social-e-fundamental-para-que-a-adaptacao-entre-na-agenda-politica\/foto-wikipedia\/\" \/>\n<meta property=\"og:locale\" content=\"en_US\" \/>\n<meta property=\"og:type\" content=\"article\" \/>\n<meta property=\"og:title\" content=\"Foto Wikipedia - P22_ON\" \/>\n<meta property=\"og:description\" content=\"Foto Wikipedia\" \/>\n<meta property=\"og:url\" content=\"https:\/\/www.p22on.com.br\/2016\/04\/29\/pressao-social-e-fundamental-para-que-a-adaptacao-entre-na-agenda-politica\/foto-wikipedia\/\" \/>\n<meta property=\"og:site_name\" content=\"P22_ON\" \/>\n<meta property=\"article:publisher\" content=\"https:\/\/www.facebook.com\/p22on\" \/>\n<meta property=\"article:modified_time\" content=\"2016-04-29T16:53:55+00:00\" \/>\n<meta property=\"og:image\" content=\"https:\/\/www.p22on.com.br\/wp-content\/uploads\/2016\/04\/Foto-Wikipedia.jpg\" \/>\n\t<meta property=\"og:image:width\" content=\"1207\" \/>\n\t<meta property=\"og:image:height\" content=\"800\" \/>\n\t<meta property=\"og:image:type\" content=\"image\/jpeg\" \/>\n<meta name=\"twitter:card\" content=\"summary_large_image\" \/>\n<meta name=\"twitter:site\" content=\"@p22on\" \/>\n<script type=\"application\/ld+json\" class=\"yoast-schema-graph\">{\"@context\":\"https:\/\/schema.org\",\"@graph\":[{\"@type\":\"WebPage\",\"@id\":\"https:\/\/www.p22on.com.br\/2016\/04\/29\/pressao-social-e-fundamental-para-que-a-adaptacao-entre-na-agenda-politica\/foto-wikipedia\/\",\"url\":\"https:\/\/www.p22on.com.br\/2016\/04\/29\/pressao-social-e-fundamental-para-que-a-adaptacao-entre-na-agenda-politica\/foto-wikipedia\/\",\"name\":\"Foto Wikipedia - P22_ON\",\"isPartOf\":{\"@id\":\"https:\/\/www.p22on.com.br\/#website\"},\"datePublished\":\"2016-04-29T16:53:51+00:00\",\"dateModified\":\"2016-04-29T16:53:55+00:00\",\"breadcrumb\":{\"@id\":\"https:\/\/www.p22on.com.br\/2016\/04\/29\/pressao-social-e-fundamental-para-que-a-adaptacao-entre-na-agenda-politica\/foto-wikipedia\/#breadcrumb\"},\"inLanguage\":\"en-US\",\"potentialAction\":[{\"@type\":\"ReadAction\",\"target\":[\"https:\/\/www.p22on.com.br\/2016\/04\/29\/pressao-social-e-fundamental-para-que-a-adaptacao-entre-na-agenda-politica\/foto-wikipedia\/\"]}]},{\"@type\":\"BreadcrumbList\",\"@id\":\"https:\/\/www.p22on.com.br\/2016\/04\/29\/pressao-social-e-fundamental-para-que-a-adaptacao-entre-na-agenda-politica\/foto-wikipedia\/#breadcrumb\",\"itemListElement\":[{\"@type\":\"ListItem\",\"position\":1,\"name\":\"In\u00edcio\",\"item\":\"https:\/\/www.p22on.com.br\/\"},{\"@type\":\"ListItem\",\"position\":2,\"name\":\"Press\u00e3o social: fundamental para que a adapta\u00e7\u00e3o entre na agenda pol\u00edtica\",\"item\":\"https:\/\/www.p22on.com.br\/2016\/04\/29\/pressao-social-e-fundamental-para-que-a-adaptacao-entre-na-agenda-politica\/\"},{\"@type\":\"ListItem\",\"position\":3,\"name\":\"Foto Wikipedia\"}]},{\"@type\":\"WebSite\",\"@id\":\"https:\/\/www.p22on.com.br\/#website\",\"url\":\"https:\/\/www.p22on.com.br\/\",\"name\":\"P22_ON\",\"description\":\"\",\"potentialAction\":[{\"@type\":\"SearchAction\",\"target\":{\"@type\":\"EntryPoint\",\"urlTemplate\":\"https:\/\/www.p22on.com.br\/?s={search_term_string}\"},\"query-input\":\"required name=search_term_string\"}],\"inLanguage\":\"en-US\"}]}<\/script>\n<!-- \/ Yoast SEO plugin. -->","yoast_head_json":{"title":"Foto Wikipedia - P22_ON","robots":{"index":"index","follow":"follow","max-snippet":"max-snippet:-1","max-image-preview":"max-image-preview:large","max-video-preview":"max-video-preview:-1"},"canonical":"https:\/\/www.p22on.com.br\/2016\/04\/29\/pressao-social-e-fundamental-para-que-a-adaptacao-entre-na-agenda-politica\/foto-wikipedia\/","og_locale":"en_US","og_type":"article","og_title":"Foto Wikipedia - P22_ON","og_description":"Foto Wikipedia","og_url":"https:\/\/www.p22on.com.br\/2016\/04\/29\/pressao-social-e-fundamental-para-que-a-adaptacao-entre-na-agenda-politica\/foto-wikipedia\/","og_site_name":"P22_ON","article_publisher":"https:\/\/www.facebook.com\/p22on","article_modified_time":"2016-04-29T16:53:55+00:00","og_image":[{"width":1207,"height":800,"url":"https:\/\/www.p22on.com.br\/wp-content\/uploads\/2016\/04\/Foto-Wikipedia.jpg","type":"image\/jpeg"}],"twitter_card":"summary_large_image","twitter_site":"@p22on","schema":{"@context":"https:\/\/schema.org","@graph":[{"@type":"WebPage","@id":"https:\/\/www.p22on.com.br\/2016\/04\/29\/pressao-social-e-fundamental-para-que-a-adaptacao-entre-na-agenda-politica\/foto-wikipedia\/","url":"https:\/\/www.p22on.com.br\/2016\/04\/29\/pressao-social-e-fundamental-para-que-a-adaptacao-entre-na-agenda-politica\/foto-wikipedia\/","name":"Foto Wikipedia - P22_ON","isPartOf":{"@id":"https:\/\/www.p22on.com.br\/#website"},"datePublished":"2016-04-29T16:53:51+00:00","dateModified":"2016-04-29T16:53:55+00:00","breadcrumb":{"@id":"https:\/\/www.p22on.com.br\/2016\/04\/29\/pressao-social-e-fundamental-para-que-a-adaptacao-entre-na-agenda-politica\/foto-wikipedia\/#breadcrumb"},"inLanguage":"en-US","potentialAction":[{"@type":"ReadAction","target":["https:\/\/www.p22on.com.br\/2016\/04\/29\/pressao-social-e-fundamental-para-que-a-adaptacao-entre-na-agenda-politica\/foto-wikipedia\/"]}]},{"@type":"BreadcrumbList","@id":"https:\/\/www.p22on.com.br\/2016\/04\/29\/pressao-social-e-fundamental-para-que-a-adaptacao-entre-na-agenda-politica\/foto-wikipedia\/#breadcrumb","itemListElement":[{"@type":"ListItem","position":1,"name":"In\u00edcio","item":"https:\/\/www.p22on.com.br\/"},{"@type":"ListItem","position":2,"name":"Press\u00e3o social: fundamental para que a adapta\u00e7\u00e3o entre na agenda pol\u00edtica","item":"https:\/\/www.p22on.com.br\/2016\/04\/29\/pressao-social-e-fundamental-para-que-a-adaptacao-entre-na-agenda-politica\/"},{"@type":"ListItem","position":3,"name":"Foto Wikipedia"}]},{"@type":"WebSite","@id":"https:\/\/www.p22on.com.br\/#website","url":"https:\/\/www.p22on.com.br\/","name":"P22_ON","description":"","potentialAction":[{"@type":"SearchAction","target":{"@type":"EntryPoint","urlTemplate":"https:\/\/www.p22on.com.br\/?s={search_term_string}"},"query-input":"required name=search_term_string"}],"inLanguage":"en-US"}]}},"description":{"rendered":"<p class=\"attachment\"><a href='https:\/\/www.p22on.com.br\/wp-content\/uploads\/2016\/04\/Foto-Wikipedia.jpg'><img loading=\"lazy\" decoding=\"async\" width=\"300\" height=\"199\" src=\"https:\/\/www.p22on.com.br\/wp-content\/uploads\/2016\/04\/Foto-Wikipedia-300x199.jpg\" class=\"attachment-medium size-medium\" alt=\"\" srcset=\"https:\/\/www.p22on.com.br\/wp-content\/uploads\/2016\/04\/Foto-Wikipedia-300x199.jpg 300w, https:\/\/www.p22on.com.br\/wp-content\/uploads\/2016\/04\/Foto-Wikipedia-1024x679.jpg 1024w, https:\/\/www.p22on.com.br\/wp-content\/uploads\/2016\/04\/Foto-Wikipedia.jpg 1207w\" sizes=\"(max-width: 300px) 100vw, 300px\" \/><\/a><\/p>\n"},"caption":{"rendered":"<p>Foto Wikipedia<\/p>\n"},"alt_text":"","media_type":"image","mime_type":"image\/jpeg","media_details":{"width":1207,"height":800,"file":"2016\/04\/Foto-Wikipedia.jpg","sizes":{"thumbnail":{"file":"Foto-Wikipedia-150x150.jpg","width":150,"height":150,"mime_type":"image\/jpeg","source_url":"https:\/\/www.p22on.com.br\/wp-content\/uploads\/2016\/04\/Foto-Wikipedia-150x150.jpg"},"medium":{"file":"Foto-Wikipedia-300x199.jpg","width":300,"height":199,"mime_type":"image\/jpeg","source_url":"https:\/\/www.p22on.com.br\/wp-content\/uploads\/2016\/04\/Foto-Wikipedia-300x199.jpg"},"large":{"file":"Foto-Wikipedia-1024x679.jpg","width":1024,"height":679,"mime_type":"image\/jpeg","source_url":"https:\/\/www.p22on.com.br\/wp-content\/uploads\/2016\/04\/Foto-Wikipedia-1024x679.jpg"},"full":{"file":"Foto-Wikipedia.jpg","width":1207,"height":800,"mime_type":"image\/jpeg","source_url":"https:\/\/www.p22on.com.br\/wp-content\/uploads\/2016\/04\/Foto-Wikipedia.jpg"}},"image_meta":{"aperture":0,"credit":"milene","camera":"","caption":"","created_timestamp":1461937572,"copyright":"","focal_length":0,"iso":0,"shutter_speed":0,"title":"","orientation":0}},"post":786,"source_url":"https:\/\/www.p22on.com.br\/wp-content\/uploads\/2016\/04\/Foto-Wikipedia.jpg","_links":{"self":[{"href":"https:\/\/www.p22on.com.br\/wp-json\/wp\/v2\/media\/814"}],"collection":[{"href":"https:\/\/www.p22on.com.br\/wp-json\/wp\/v2\/media"}],"about":[{"href":"https:\/\/www.p22on.com.br\/wp-json\/wp\/v2\/types\/attachment"}],"author":[{"embeddable":true,"href":"https:\/\/www.p22on.com.br\/wp-json\/wp\/v2\/users\/2"}]}}

<!-- This site is optimized with the Yoast SEO plugin v21.5 - https://yoast.com/wordpress/plugins/seo/ -->
<title>Foto Wikipedia - P22_ON</title>
<meta name="robots" content="index, follow, max-snippet:-1, max-image-preview:large, max-video-preview:-1" />
<link rel="canonical" href="https://www.p22on.com.br/2016/04/29/pressao-social-e-fundamental-para-que-a-adaptacao-entre-na-agenda-politica/foto-wikipedia/" />
<meta property="og:locale" content="en_US" />
<meta property="og:type" content="article" />
<meta property="og:title" content="Foto Wikipedia - P22_ON" />
<meta property="og:description" content="Foto Wikipedia" />
<meta property="og:url" content="https://www.p22on.com.br/2016/04/29/pressao-social-e-fundamental-para-que-a-adaptacao-entre-na-agenda-politica/foto-wikipedia/" />
<meta property="og:site_name" content="P22_ON" />
<meta property="article:publisher" content="https://www.facebook.com/p22on" />
<meta property="article:modified_time" content="2016-04-29T16:53:55+00:00" />
<meta property="og:image" content="https://www.p22on.com.br/wp-content/uploads/2016/04/Foto-Wikipedia.jpg" />
	<meta property="og:image:width" content="1207" />
	<meta property="og:image:height" content="800" />
	<meta property="og:image:type" content="image/jpeg" />
<meta name="twitter:card" content="summary_large_image" />
<meta name="twitter:site" content="@p22on" />
<script type="application/ld+json" class="yoast-schema-graph">{"@context":"https://schema.org","@graph":[{"@type":"WebPage","@id":"https://www.p22on.com.br/2016/04/29/pressao-social-e-fundamental-para-que-a-adaptacao-entre-na-agenda-politica/foto-wikipedia/","url":"https://www.p22on.com.br/2016/04/29/pressao-social-e-fundamental-para-que-a-adaptacao-entre-na-agenda-politica/foto-wikipedia/","name":"Foto Wikipedia - P22_ON","isPartOf":{"@id":"https://www.p22on.com.br/#website"},"datePublished":"2016-04-29T16:53:51+00:00","dateModified":"2016-04-29T16:53:55+00:00","breadcrumb":{"@id":"https://www.p22on.com.br/2016/04/29/pressao-social-e-fundamental-para-que-a-adaptacao-entre-na-agenda-politica/foto-wikipedia/#breadcrumb"},"inLanguage":"en-US","potentialAction":[{"@type":"ReadAction","target":["https://www.p22on.com.br/2016/04/29/pressao-social-e-fundamental-para-que-a-adaptacao-entre-na-agenda-politica/foto-wikipedia/"]}]},{"@type":"BreadcrumbList","@id":"https://www.p22on.com.br/2016/04/29/pressao-social-e-fundamental-para-que-a-adaptacao-entre-na-agenda-politica/foto-wikipedia/#breadcrumb","itemListElement":[{"@type":"ListItem","position":1,"name":"Início","item":"https://www.p22on.com.br/"},{"@type":"ListItem","position":2,"name":"Pressão social: fundamental para que a adaptação entre na agenda política","item":"https://www.p22on.com.br/2016/04/29/pressao-social-e-fundamental-para-que-a-adaptacao-entre-na-agenda-politica/"},{"@type":"ListItem","position":3,"name":"Foto Wikipedia"}]},{"@type":"WebSite","@id":"https://www.p22on.com.br/#website","url":"https://www.p22on.com.br/","name":"P22_ON","description":"","potentialAction":[{"@type":"SearchAction","target":{"@type":"EntryPoint","urlTemplate":"https://www.p22on.com.br/?s={search_term_string}"},"query-input":"required name=search_term_string"}],"inLanguage":"en-US"}]}</script>
<!-- / Yoast SEO plugin. -->

Início

Pressão social: fundamental para que a adaptação entre na agenda política
